{"id":1542,"date":"2026-03-21T22:24:28","date_gmt":"2026-03-21T20:24:28","guid":{"rendered":"https:\/\/merotaure.lt\/?page_id=1542"},"modified":"2026-03-23T20:58:13","modified_gmt":"2026-03-23T18:58:13","slug":"2025-2026-sezonas","status":"publish","type":"page","link":"https:\/\/merotaure.lt\/","title":{"rendered":"2025\/2026 sezonas"},"content":{"rendered":"<p style=\"text-align: center;\"><strong>I vieta. VYTIS \u2013 MASA\u017dO NAMAI<\/strong><\/p>\n<p><img loading=\"lazy\" decoding=\"async\" class=\"aligncenter size-large wp-image-1543\" src=\"http:\/\/merotaure.lt\/wp-content\/uploads\/2026\/03\/VYTIS25-26-1024x768.jpg\" alt=\"\" width=\"620\" height=\"465\" srcset=\"https:\/\/merotaure.lt\/wp-content\/uploads\/2026\/03\/VYTIS25-26-1024x768.jpg 1024w, https:\/\/merotaure.lt\/wp-content\/uploads\/2026\/03\/VYTIS25-26-300x225.jpg 300w, https:\/\/merotaure.lt\/wp-content\/uploads\/2026\/03\/VYTIS25-26-768x576.jpg 768w, https:\/\/merotaure.lt\/wp-content\/uploads\/2026\/03\/VYTIS25-26-1536x1152.jpg 1536w, https:\/\/merotaure.lt\/wp-content\/uploads\/2026\/03\/VYTIS25-26-128x96.jpg 128w, https:\/\/merotaure.lt\/wp-content\/uploads\/2026\/03\/VYTIS25-26-32x24.jpg 32w, https:\/\/merotaure.lt\/wp-content\/uploads\/2026\/03\/VYTIS25-26.jpg 2048w\" sizes=\"(max-width: 620px) 100vw, 620px\" \/><\/p>\n<p style=\"text-align: center;\"><strong>II vieta. <strong class=\"sp-team-name\">NKA-PERLAS DUBLERIAI<\/strong><\/strong><\/p>\n<p><img loading=\"lazy\" decoding=\"async\" class=\"aligncenter size-large wp-image-1544\" src=\"http:\/\/merotaure.lt\/wp-content\/uploads\/2026\/03\/DUBLERIAI25-26-1024x768.jpg\" alt=\"\" width=\"620\" height=\"465\" srcset=\"https:\/\/merotaure.lt\/wp-content\/uploads\/2026\/03\/DUBLERIAI25-26-1024x768.jpg 1024w, https:\/\/merotaure.lt\/wp-content\/uploads\/2026\/03\/DUBLERIAI25-26-300x225.jpg 300w, https:\/\/merotaure.lt\/wp-content\/uploads\/2026\/03\/DUBLERIAI25-26-768x576.jpg 768w, https:\/\/merotaure.lt\/wp-content\/uploads\/2026\/03\/DUBLERIAI25-26-1536x1152.jpg 1536w, https:\/\/merotaure.lt\/wp-content\/uploads\/2026\/03\/DUBLERIAI25-26-128x96.jpg 128w, https:\/\/merotaure.lt\/wp-content\/uploads\/2026\/03\/DUBLERIAI25-26-32x24.jpg 32w, https:\/\/merotaure.lt\/wp-content\/uploads\/2026\/03\/DUBLERIAI25-26.jpg 2048w\" sizes=\"(max-width: 620px) 100vw, 620px\" \/><\/p>\n<p style=\"text-align: center;\"><strong>III vieta. KARKLINIAI<\/strong><\/p>\n<p><img loading=\"lazy\" decoding=\"async\" class=\"aligncenter size-large wp-image-1545\" src=\"http:\/\/merotaure.lt\/wp-content\/uploads\/2026\/03\/KARKLINIAI25-26-1024x768.jpg\" alt=\"\" width=\"620\" height=\"465\" srcset=\"https:\/\/merotaure.lt\/wp-content\/uploads\/2026\/03\/KARKLINIAI25-26-1024x768.jpg 1024w, https:\/\/merotaure.lt\/wp-content\/uploads\/2026\/03\/KARKLINIAI25-26-300x225.jpg 300w, https:\/\/merotaure.lt\/wp-content\/uploads\/2026\/03\/KARKLINIAI25-26-768x576.jpg 768w, https:\/\/merotaure.lt\/wp-content\/uploads\/2026\/03\/KARKLINIAI25-26-1536x1152.jpg 1536w, https:\/\/merotaure.lt\/wp-content\/uploads\/2026\/03\/KARKLINIAI25-26-128x96.jpg 128w, https:\/\/merotaure.lt\/wp-content\/uploads\/2026\/03\/KARKLINIAI25-26-32x24.jpg 32w, https:\/\/merotaure.lt\/wp-content\/uploads\/2026\/03\/KARKLINIAI25-26.jpg 2048w\" sizes=\"(max-width: 620px) 100vw, 620px\" \/><\/p>\n<p style=\"text-align: center;\"><strong>2025\/2026 FINALINIO KETVERTO MVP<\/strong><\/p>\n<p style=\"text-align: center;\"><strong>ROKAS MALECKAS (VYTIS \u2013 MASAZO NAMAI)<\/strong><\/p>\n<p><img loading=\"lazy\" decoding=\"async\" class=\"aligncenter size-large wp-image-1550\" src=\"http:\/\/merotaure.lt\/wp-content\/uploads\/2026\/03\/f4-mvp-1024x683.jpg\" alt=\"\" width=\"620\" height=\"414\" srcset=\"https:\/\/merotaure.lt\/wp-content\/uploads\/2026\/03\/f4-mvp-1024x683.jpg 1024w, https:\/\/merotaure.lt\/wp-content\/uploads\/2026\/03\/f4-mvp-300x200.jpg 300w, https:\/\/merotaure.lt\/wp-content\/uploads\/2026\/03\/f4-mvp-768x512.jpg 768w, https:\/\/merotaure.lt\/wp-content\/uploads\/2026\/03\/f4-mvp-1536x1024.jpg 1536w, https:\/\/merotaure.lt\/wp-content\/uploads\/2026\/03\/f4-mvp-128x85.jpg 128w, https:\/\/merotaure.lt\/wp-content\/uploads\/2026\/03\/f4-mvp-32x21.jpg 32w, https:\/\/merotaure.lt\/wp-content\/uploads\/2026\/03\/f4-mvp.jpg 2048w\" sizes=\"(max-width: 620px) 100vw, 620px\" \/><\/p>\n<p style=\"text-align: center;\"><strong>2025\/2026 SEZONO MVP<\/strong><\/p>\n<p style=\"text-align: center;\"><strong>SIMAS SANK\u016aNAS (NKA-PERLAS DUBLERIAI)<\/strong><\/p>\n<p><img loading=\"lazy\" decoding=\"async\" class=\"aligncenter size-large wp-image-1549\" src=\"http:\/\/merotaure.lt\/wp-content\/uploads\/2026\/03\/sez-mvp-1024x683.jpg\" alt=\"\" width=\"620\" height=\"414\" srcset=\"https:\/\/merotaure.lt\/wp-content\/uploads\/2026\/03\/sez-mvp-1024x683.jpg 1024w, https:\/\/merotaure.lt\/wp-content\/uploads\/2026\/03\/sez-mvp-300x200.jpg 300w, https:\/\/merotaure.lt\/wp-content\/uploads\/2026\/03\/sez-mvp-768x512.jpg 768w, https:\/\/merotaure.lt\/wp-content\/uploads\/2026\/03\/sez-mvp-1536x1024.jpg 1536w, https:\/\/merotaure.lt\/wp-content\/uploads\/2026\/03\/sez-mvp-128x85.jpg 128w, https:\/\/merotaure.lt\/wp-content\/uploads\/2026\/03\/sez-mvp-32x21.jpg 32w, https:\/\/merotaure.lt\/wp-content\/uploads\/2026\/03\/sez-mvp.jpg 2048w\" sizes=\"(max-width: 620px) 100vw, 620px\" \/><\/p>\n<p style=\"text-align: center;\"><strong>2025\/2026 SEZONO STATISTIKOS LYDERIAI<\/strong><\/p>\n<p style=\"text-align: center;\"><strong>*turi b\u016bti \u017eaid\u0119s bent pus\u0117je reguliaraus sezono rungtyni\u0173. T.y \u2013 6.<\/strong><\/p>\n<p><strong>Ta\u0161kai\u00a0<\/strong>per rungtynes:<strong> Dovydas Bal\u010di\u016bnas<\/strong> (BRUKLINAS) vidutini\u0161kai <strong>29,1<\/strong>.<\/p>\n<p><strong>Atkovoti kamuoliai\u00a0<\/strong>per rungtynes:<strong> Gabriel Clemont<\/strong>\u00a0(NKA-PERLAS COFFEE LOFT) vidutini\u0161kai\u00a0<strong>11,5<\/strong>.<\/p>\n<p><strong>Rezultatyv\u016bs perdavimai\u00a0<\/strong>per rungtynes: <strong>Mantas Varnagiris<\/strong> (VYTIS \u2013 MASAZO NAMAI) vidutini\u0161kai <strong>7,4<\/strong>.<\/p>\n<p><strong>Perimti kamuoliai\u00a0<\/strong>per rungtynes:<strong>\u00a0Lukas Mar\u010diulionis<\/strong> (Karkliniai) vidutini\u0161kai <strong>4,6<\/strong>.<\/p>\n<p><strong>Blokuoti metimai\u00a0<\/strong>per rungtynes:<strong> Tomas \u010ciuplys<\/strong> (NKA-PERLAS DUBLERIAI) vidutini\u0161kai\u00a0<strong>1,6<\/strong>.<\/p>\n","protected":false},"excerpt":{"rendered":"<p>I vieta. VYTIS \u2013 MASA\u017dO NAMAI II vieta. NKA-PERLAS DUBLERIAI III vieta. KARKLINIAI 2025\/2026 FINALINIO KETVERTO MVP ROKAS MALECKAS (VYTIS \u2013 MASAZO NAMAI) 2025\/2026 SEZONO MVP SIMAS SANK\u016aNAS (NKA-PERLAS DUBLERIAI) 2025\/2026 SEZONO STATISTIKOS LYDERIAI *turi b\u016bti \u017eaid\u0119s bent pus\u0117je reguliaraus sezono rungtyni\u0173. T.y \u2013 6. Ta\u0161kai\u00a0per rungtynes: Dovydas Bal\u010di\u016bnas (BRUKLINAS) vidutini\u0161kai 29,1. Atkovoti kamuoliai\u00a0per rungtynes: [&hellip;]<\/p>\n","protected":false},"author":1,"featured_media":0,"parent":0,"menu_order":0,"comment_status":"closed","ping_status":"closed","template":"","meta":{"footnotes":""},"class_list":["post-1542","page","type-page","status-publish","hentry"],"_links":{"self":[{"href":"https:\/\/merotaure.lt\/index.php?rest_route=\/wp\/v2\/pages\/1542"}],"collection":[{"href":"https:\/\/merotaure.lt\/index.php?rest_route=\/wp\/v2\/pages"}],"about":[{"href":"https:\/\/merotaure.lt\/index.php?rest_route=\/wp\/v2\/types\/page"}],"author":[{"embeddable":true,"href":"https:\/\/merotaure.lt\/index.php?rest_route=\/wp\/v2\/users\/1"}],"replies":[{"embeddable":true,"href":"https:\/\/merotaure.lt\/index.php?rest_route=%2Fwp%2Fv2%2Fcomments&post=1542"}],"version-history":[{"count":4,"href":"https:\/\/merotaure.lt\/index.php?rest_route=\/wp\/v2\/pages\/1542\/revisions"}],"predecessor-version":[{"id":1551,"href":"https:\/\/merotaure.lt\/index.php?rest_route=\/wp\/v2\/pages\/1542\/revisions\/1551"}],"wp:attachment":[{"href":"https:\/\/merotaure.lt\/index.php?rest_route=%2Fwp%2Fv2%2Fmedia&parent=1542"}],"curies":[{"name":"wp","href":"https:\/\/api.w.org\/{rel}","templated":true}]}}